159275851 a prime number?
True
Is 46369809379 a composite number?
False
Is 2532429209 a composite number?
False
Is 89345233 prime?
True
Is 1065489121 composite?
False
Is 2063174393 a composite number?
True
Is 97794091 prime?
False
Is 7552710591 a composite number?
True
Is 2702822183 a composite number?
False
Is 444240211 a composite number?
False
Is 5723423221 prime?
True
Is 35218060963 composite?
False
Is 5400125887 a composite number?
True
Is 998966365 a prime number?
False
Is 2984687267 prime?
True
Is 6835318369 composite?
True
Is 131726593 prime?
True
Is 3489565007 a prime number?
True
Is 1766409067 a composite number?
False
Is 19567220479 prime?
True
Is 4328699945 composite?
True
Is 9361653853 composite?
False
Is 1426178426 prime?
False
Is 5814379717 prime?
False
Is 6879948067 a prime number?
False
Is 3607174401 composite?
True
Is 26666155059 composite?
True
Is 57609511 a prime number?
True
Is 2305453123 composite?
True
Is 792579811 composite?
False
Is 78841837 a composite number?
False
Is 1907123767 prime?
False
Is 296934047 a prime number?
True
Is 207361009 prime?
True
Is 505571223 prime?
False
Is 1668595639 a composite number?
False
Is 822638051 composite?
False
Is 112228610311 composite?
False
Is 1476183809 composite?
True
Is 16791628067 composite?
False
Is 15286429939 composite?
True
Is 82887787 prime?
False
Is 34469311889 a composite number?
False
Is 28366751843 a composite number?
True
Is 35292424603 composite?
True
Is 2394603311 a composite number?
True
Is 3372077851 a prime number?
True
Is 776447761 prime?
False
Is 11403851911 composite?
True
Is 22506457 a prime number?
False
Is 73632546833 a composite number?
False
Is 252624731 a prime number?
True
Is 56137911311 prime?
True
Is 26674195265 prime?
False
Is 157590139423 a prime number?
True
Is 1243063403 prime?
True
Is 25180245769 composite?
True
Is 33219778 prime?
False
Is 295897307 a prime number?
True
Is 978151577 a prime number?
False
Is 225405409 a composite number?
False
Is 22807184143 prime?
True
Is 22234510178 a prime number?
False
Is 15033056107 a composite number?
False
Is 189456427 prime?
False
Is 727363262 a prime number?
False
Is 1468854743 prime?
False
Is 1141823027 composite?
False
Is 1521014135 composite?
True
Is 1386305959 prime?
True
Is 2277499703 a composite number?
False
Is 3516849269 prime?
False
Is 2104164331 prime?
True
Is 624693791 composite?
False
Is 732384613 a composite number?
True
Is 6907423067 a prime number?
True
Is 608791297 composite?
False
Is 14841618937 a composite number?
False
Is 5725083535 a prime number?
False
Is 20345473403 composite?
False
Is 170686367941 prime?
True
Is 63586933853 prime?
True
Is 101282821517 a prime number?
True
Is 587327977 a prime number?
False
Is 54419574745 composite?
True
Is 12933225509 prime?
True
Is 331406737 a prime number?
True
Is 963054889 a composite number?
False
Is 1399373029 a composite number?
False
Is 3812569 composite?
False
Is 2522218121 a composite number?
False
Is 985460711 prime?
True
Is 2245719813 a prime number?
False
Is 14007102113 a prime number?
True
Is 6522502037 a composite number?
False
Is 2719040209 a composite number?
False
Is 4760100929 prime?
False
Is 12258599579 a composite number?
True
Is 13695952399 prime?
False
Is 2473749217 composite?
False
Is 46508555333 a composite number?
True
Is 191653177 composite?
True
Is 5310499573 prime?
True
Is 3602459 composite?
True
Is 1312093205 prime?
False
Is 1828044403 composite?
False
Is 12682710658 composite?
True
Is 83445433 composite?
False
Is 570559677169 a prime number?
False
Is 1808530579 prime?
True
Is 76633397443 a composite number?
True
Is 990229867 composite?
True
Is 737940961 prime?
False
Is 352413571 a composite number?
False
Is 91337833 a prime number?
True
Is 3770657263 prime?
False
Is 459945173 a prime number?
True
Is 6754982557 a prime number?
False
Is 26526212849 composite?
False
Is 125210837399 composite?
False
Is 3793765409 a prime number?
False
Is 897793319 a prime number?
True
Is 1931338569 composite?
True
Is 5957521909 composite?
True
Is 611131177 a prime number?
False
Is 1366336721 a composite number?
True
Is 4716811927 a composite number?
False
Is 37620427027 a composite number?
False
Is 653587061 a composite number?
True
Is 508758941 composite?
True
Is 72250583 a composite number?
False
Is 9936031453 composite?
False
Is 11696652901 composite?
True
Is 635733691 prime?
False
Is 1331449759 a prime number?
True
Is 2108334757 composite?
True
Is 35001646 a prime number?
False
Is 161464091 prime?
True
Is 19116665335 prime?
False
Is 5890638707 composite?
True
Is 13748617129 composite?
True
Is 350344633 prime?
False
Is 11667536219 a composite number?
True
Is 1868912929 prime?
False
Is 60336492563 a composite number?
False
Is 356542883 a prime number?
True
Is 1333103417 a prime number?
True
Is 3620759699 composite?
True
Is 6024791047 a prime number?
False
Is 1937924161 composite?
False
Is 1242736867 composite?
True
Is 3976593527 a composite number?
False
Is 509084657 a composite number?
False
Is 20304606017 composite?
False
Is 7145453281 a composite number?
True
Is 72575017 composite?
False
Is 13279399 a prime number?
False
Is 976225385 a composite number?
True
Is 1659220561 a composite number?
True
Is 1487477039 composite?
False
Is 1230327541 composite?
True
Is 30808564937 composite?
False
Is 48450508519 prime?
False
Is 178050652921 a prime number?
True
Is 2620697993 prime?
False
Is 70782929 prime?
False
Is 5325550627 prime?
False
Is 2160019663 composite?
False
Is 313558199 composite?
False
Is 33274953793 composite?
False
Is 222501943 a prime number?
True
Is 17040435233 a prime number?
True
Is 12966021301 a prime number?
True
Is 52404182419 composite?
True
Is 2888010799 a prime number?
False
Is 3855010519 a composite number?
True
Is 1503717091 prime?
False
Is 3130577389 a prime number?
False
Is 17543749613 a prime number?
False
Is 165131814503 a composite number?
True
Is 1689341803 prime?
False
Is 175163369 a composite number?
True
Is 120676615203 composite?
True
Is 1348794787 prime?
True
Is 87569934619 composite?
True
Is 41172866543 composite?
True
Is 2574560657 a prime number?
True
Is 272054363 a prime number?
False
Is 79523881553 a prime number?
True
Is 11456273 composite?
True
Is 50067562741 a composite number?
True
Is 2606896599 prime?
False
Is 1329895627 composite?
True
Is 68438151841 a composite number?
False
Is 20643731102 composite?
True
Is 1372769207 prime?
True
Is 9498789683 prime?
False
Is 3433742153 prime?
True
Is 8022695891 a prime number?
False
Is 15620492689 composite?
False
Is 906254009 prime?
False
Is 74819885713 composite?
False
Is 32545925767 composite?
True
Is 83355871 prime?
True
Is 19216783585 a prime number?
False
Is 4462234033 a composite number?
True
Is 1926416057 prime?
True
Is 2956387537 prime?
False
Is 88535113973 a composite number?
False
Is 39478035719 a composite number?
False
Is 4697763827 a prime number?
True
Is 568562713 a composite number?
True
Is 3462972887 a prime number?
False
Is 32242108663 prime?
True
Is 9153869359 composite?
True
Is 36654243 prime?
False
Is 2601805517 composite?
True
Is 11541550109 a composite number?
True
Is 241176107 a prime number?
False
Is 314187243 composite?
True
Is 40957922155 a prime number?
False
Is 7626915481 prime?
True
Is 529948673 a composite number?
True
Is 68891601551 composite?
False
Is 822691279 a composite number?
True
Is 1571531897 a composite number?
True
Is 220433869 prime?
True
Is 340494091523 prime?
False
Is 3538752803 a prime number?
False
Is 4247365929 composite?
True
Is 11473639103 composite?
True
Is 3983362609 a prime number?
True
Is 974640097 composite?
False
Is 129748139 prime?
False
Is 761376029 a prime number?
False
Is 2472804101 composite?
True
Is 4333084783 a composite number?
True
Is 46023236407 composite?
False
Is 547612916411 a composite number?
True
Is 11085963961 a composite number?
False
Is 423800209 a composite number?
True
Is 475658843 prime?
False
Is 7729309247 a composite number?
True
Is 6801065437 a prime number?
True
Is 117676833479 a prime number?
False
Is 296629618027 a composite number?
False
Is 8550619877 prime?
True
Is 3926904693 a composite number?
True
Is 35597480731 composite?
True
Is 11192262577 a composite number?
True
I